) = w**2 + 8*w - 3. Let a be g(-8). What are the prime factors of 3*1 + 0/a?
3
Suppose 5*j - 62 = 298. Let r = j - 24. List the prime factors of r.
2, 3
Let h(y) = -y**3 - 7*y**2 + 13*y. Suppose -5*o = -3*g - 12, -2*g = 2*g - 5*o + 21. What are the prime factors of h(g)?
3, 5
Let c be (-145)/7 + 4/(-14). Let z = c + 34. List the prime factors of z.
13
Let b(c) = c - 11. Let i be b(11). Suppose 6*a - a + 50 = i. Let f = -6 - a. What are the prime factors of f?
2
List the prime factors of (-272)/(-6) - 3/9.
3, 5
Suppose -4*a + 4 = 0, 0*x + 2*x + a = 19. Let p = -7 + x. List the prime factors of p.
2
Let a(g) = g**2 + 4*g + 27. List the prime factors of a(-17).
2, 31
Let t(k) = 2*k**2 + 9*k - 8. List the prime factors of t(7).
3, 17
Suppose 2*b = 13 + 125. List the prime factors of b.
3, 23
Let p(f) = 2*f**3 + f**2 - 4*f + 2. Let s(t) = t**3 + 2*t**2 - 3*t + 1. Let k(g) = -2*p(g) + 3*s(g). Suppose 0 = 5*l - 5 - 10. List the prime factors of k(l).
5
Let h = 8 + -2. Suppose q - h*q + 15 = 0. Let r = 9 - q. What are the prime factors of r?
2, 3
Let v(o) = -o + 40. Let m be v(0). Let r be (1 + 2)/((-15)/m). Let y = r + 11. List the prime factors of y.
3
Suppose 2*f + 2*d = -156 + 380, 2*f - 3*d = 239. What are the prime factors of f?
5, 23
Let p be (-1)/(3/((-12)/2)). Let c(x) = 2*x**3 - 2*x**2 + 3*x - 2. What are the prime factors of c(p)?
2, 3
Let h be (-4)/10 + (-111)/(-15). Let c = h - 5. Suppose -c*x - 3*p + 22 = 0, 4*x + 17 = p + 61. List the prime factors of x.
11
Suppose 2 = 5*n - 13. List the prime factors of (-148)/(-12) + 2/n.
13
Suppose 0 = -v - 2*f + 3*f + 7, 3*v - 4*f = 26. Suppose -3*m - 3 = 4*u, 2*m + 5*u + v = 2*u. List the prime factors of 16 - m - (3 + 0).
2, 7
Let b(j) = j - 1. Let q(y) = -2*y + 2 + y + 4. Let v(n) = -5*b(n) - q(n). List the prime factors of v(-1).
3
Let k be ((-16)/20)/(2/(-15)). Suppose 0 = -g - 0*g + k. List the prime factors of g.
2, 3
Suppose -12 = 4*r - 7*r. Suppose q + 50 = -r*q. Let l = 16 + q. What are the prime factors of l?
2, 3
What are the prime factors of 0 + (-123)/(-3) + 1?
2, 3, 7
Suppose 4*t - 36 = 5*y + 4, 2*y = 2*t - 18. Suppose -4*z - 4 = -t*z. Suppose -3*a - 2*q + 22 = 0, z = -4*q - 0*q. What are the prime factors of a?
2
Suppose 0*m + m - 5*o - 64 = 0, 4*o = -m + 19. What are the prime factors of m?
3, 13
Let t(i) = i**3 - 6*i**2 + i - 2. Let r be t(6). List the prime factors of 8/3*3/r.
2
Let w(j) = j**2 - 4*j + 6*j - 2*j - 4 - 2*j. Let g be w(4). Suppose -z + 20 = g*z. What are the prime factors of z?
2
Let u be (-1 + 3)*9/6. Suppose 120 = 3*d + 5*o, -u*o - 96 = -3*d - 0*o. Suppose 3*s + 2 = d. What are the prime factors of s?
11
Let o(f) be the third derivative of f**6/120 + f**5/60 - f**4/8 + f**3/3 - f**2. Let r be o(-3). List the prime factors of 4/(-14) + (-51)/r.
7
Let a = -9 - -5. Suppose z - 5*n + 18 = 0, 5*n - 27 = -4*z + 1. List the prime factors of 2/a*-22 - z.
3
Let w(z) = z**2 - 18*z + 22. Let m be w(17). Suppose -f + m = -1. What are the prime factors of f?
2, 3
Suppose -2*n = 3*y - 6, -n - 3*y + 3 = -4*y. Suppose 0 = 2*q - n*j - 13, 6 = 4*q + j + 1. What are the prime factors of q - 1 - 2*-1?
3
Let b(z) = z**2 - z + 5. Let x(j) = 2*j**2 + 2*j. Let m be x(-2). List the prime factors of b(m).
17
Let z(j) = -j**2 + 6*j - 2. Let n be z(5). Suppose -h - 6 = 5*d, n*d + 24 = -6*h + 2*h. Let y = h - -15. What are the prime factors of y?
3
List the prime factors of 3 - ((4 + 0)*-73 - 0).
5, 59
Let j(w) be the first derivative of -w**2 + 3*w + 5. List the prime factors of j(-7).
17
Suppose -6*s + 116 = -2*s. List the prime factors of s.
29
Let m(l) = l + 6. Let h be m(-4). Suppose h*o + o = -2*x - 44, 60 = -4*o - 2*x. List the prime factors of (o/12)/(2/(-24)).
2
Let c = 26 - 24. Let n(a) = 6*a**2 + a + 2. List the prime factors of n(c).
2, 7
Let z be (-6)/4 - 2/(-4). Let y = 9 + z. List the prime factors of y.
2
Let i = 3 + -1. What are the prime factors of ((-1)/i)/(6/(-84))?
7
Let l(n) = 12*n - 11. What are the prime factors of l(4)?
37
Let w = 12 - 19. Let g = -12 - -17. List the prime factors of w/35 - (-111)/g.
2, 11
Suppose -9 = -l - 5*d, 0 = 3*d - 3 - 3. Let u be (-5)/(-5) - 2/l. Let i(n) = 2*n**3 - 5*n**2 + 3*n - 3. List the prime factors of i(u).
3, 5
Let r(h) = 5*h**2 + 9*h + 9. What are the prime factors of r(-5)?
89
Let a(b) = -b - 1. Let c be a(-6). Let z(u) = -u**2 + 7*u - 6. What are the prime factors of z(c)?
2
Let q(m) = 2*m**2 + 5*m + 4. Let s be q(-3). Let f = s + -3. Suppose -f*r + 23 + 9 = 0. List the prime factors of r.
2
Let r = 474 - 226. List the prime factors of r.
2, 31
Let x = 27 - 18. Suppose -2*o - 2*o - 3*u + x = 0, 4*u = o - 26. List the prime factors of o.
2, 3
Let a(o) = -o**3 + 2*o - 1. Let j = -13 - -11. What are the prime factors of a(j)?
3
Suppose -i = -4*j + 7*j - 34, -2*i = 2*j - 52. List the prime factors of i.
2, 11
Let f = -62 + 143. What are the prime factors of f?
3
Let z = -3 + 60. List the prime factors of z.
3, 19
Let r(i) = 10*i**2 - 13*i**2 + 1 + 37*i**2. What are the prime factors of r(1)?
5, 7
Suppose t = -4 + 7. Let i(z) = 2*z + 19. Let s be i(-7). Suppose 3*r - 7*r = t*c - 64, 2*r - s*c = 32. What are the prime factors of r?
2
Suppose -p - 1 = -4. Suppose -8 = -5*z - p*a, -z + 3*a + 24 = 2*z. What are the prime factors of z?
2
Let k be (2/6)/(6/(-18)). Let y = k - -12. What are the prime factors of y?
11
Suppose 2 = 2*y - y. List the prime factors of -28*(-1)/(y + 0).
2, 7
Suppose 3*a = 109 + 56. What are the prime factors of a?
5, 11
Let l(c) = c**3 - 5*c**2 - 3*c - 1. Let i be l(4). Let d = -14 - i. What are the prime factors of d?
3, 5
Suppose 4*m - m - 42 = 0. Let j be (-4)/(-8) + m/4. Let k(h) = 3*h - 4. List the prime factors of k(j).
2
Let w = 337 - 100. List the prime factors of w.
3, 79
Let x(n) = -14*n + 66. List the prime factors of x(-6).
2, 3, 5
Let j be 0*((-1)/(-2) - 0). Suppose -2*c - 4*k = -j*k - 4, -26 = -3*c - 2*k. List the prime factors of c.
2, 3
Let s = -7 + 9. Suppose -s*a + 2*q = -18, 0*q + 3*q = -2*a - 7. List the prime factors of a.
2
Let l = 6 + -3. What are the prime factors of (l - (2 + 0))*17?
17
Let t(v) = 6*v + 4. Let l be t(-5). What are the prime factors of l/(-3 - 2/(-2))?
13
Let i be -10*(1 - 6/4). Suppose -2*w + 46 = -5*x, 4*x = i*w + x - 77. What are the prime factors of w?
13
Let m be (-1)/1 - (-9)/3. Let p(l) = l**3 + 5*l**2 - 7*l - 3. Let h be p(-6). Suppose -g = -5*g + h*o + 44, -m*g = 4*o - 22. List the prime factors of g.
11
Suppose -7*o + 3*l = -3*o + 5, -5*l = -3*o - 1. Let z = o + 0. List the prime factors of -1*(z + 2/(-1)).
2
Let m = -99 - -166. What are the prime factors of m?
67
Let w be (-195)/10*(1 + -3). Suppose 4*y = y + w. What are the prime factors of y?
13
Suppose -4*s + 17 = -3*b, -b = -s - 4*b - 7. Let p(j) = -s*j**3 + j**3 + 13 + 2*j**3 + 3 + j. List the prime factors of p(0).
2
Suppose -5*r - 10 = 5*l - 35, -r + 2 = 0. Suppose l*m + m - 32 = 0. Suppose 4*p - 8 = -4*s + m, -3*s = p - 20. List the prime factors of s.
2
Suppose 3*d - 3 = 0, -2*f - 4 = -3*f - d. Let s be (-4)/6*(-22 - -1). Let c = s - f. What are the prime factors of c?
11
Suppose -4 + 1 = -3*c, 0 = -3*u - 3*c + 12. Let m be -2 + 3*6 - 2. Suppose -5*z = -4*w - 28, -z = 4*z + u*w - m. What are the prime factors of z?
2
Suppose 2*f - 4*v + 2*v = 12, -4*f + 38 = 3*v. List the prime factors of f.
2
Let a(l) = -l**3 + 10*l**2 + 2*l - 14. Suppose -3*f + 32 = 2. Let h be a(f). Let d = 11 - h. List the prime factors of d.
5
Suppose 36 = 4*s - 3*s. Suppose 2*h - s = -2*h. What are the prime factors of h?
3
What are the prime factors of 2 + 281/2 - (-2)/(-4)?
2, 71
Suppose 2*b - 3 = 21. What are the prime factors of b?
2, 3
Let h(r) = -19*r - 13. List the prime factors of h(-8).
139
Let z(a) = 4*a + 7. Let k be z(-4). Let u(i) = -i**2 - 11*i - 6. What are the prime factors of u(k)?
2, 3
Let u be -3 + (-2 - -3) + 0. Let t(b) = -b**3 + b**2 + b. List the prime factors of t(u).
2, 5
Let a be (-3)/(3/(-4))*-2. Let x(c) = c**3 - 6*c**2 - 8*c - 4. Let i be x(7). Let m = a - i. List the prime factors of m.
3
Suppose s = 3*g + 28, -5*s - 4*g + 68 = -g. What are the prime factors of s?
2
Suppose 6*v - 304 = -2*v. What are the prime factors of v?
2, 19
Let g(k) be the first derivative of -2 + 1/3*k**3 - 3*k - k**2. List t